en 382094 is divided by 191036.
22
Calculate the remainder when 53771 is divided by 489.
470
What is the remainder when 2019 is divided by 92?
87
What is the remainder when 938 is divided by 147?
56
Calculate the remainder when 2480 is divided by 2395.
85
What is the remainder when 8550 is divided by 1669?
205
What is the remainder when 40977 is divided by 10211?
133
Calculate the remainder when 3911021 is divided by 258.
257
Calculate the remainder when 1711 is divided by 234.
73
Calculate the remainder when 2137636 is divided by 10.
6
What is the remainder when 2335137 is divided by 66718?
7
What is the remainder when 6095 is divided by 42?
5
What is the remainder when 23441 is divided by 733?
718
Calculate the remainder when 13887 is divided by 51.
15
Calculate the remainder when 1313 is divided by 314.
57
What is the remainder when 88571 is divided by 67?
64
What is the remainder when 328339 is divided by 998?
995
What is the remainder when 1292 is divided by 641?
10
What is the remainder when 18151 is divided by 422?
5
Calculate the remainder when 572 is divided by 304.
268
Calculate the remainder when 967552 is divided by 441.
439
What is the remainder when 502129 is divided by 178?
169
Calculate the remainder when 594 is divided by 301.
293
Calculate the remainder when 42905 is divided by 450.
155
Calculate the remainder when 4717 is divided by 431.
407
Calculate the remainder when 441391 is divided by 60.
31
What is the remainder when 7010 is divided by 3?
2
What is the remainder when 543225 is divided by 47?
46
Calculate the remainder when 70145 is divided by 83.
10
What is the remainder when 8357 is divided by 11?
8
Calculate the remainder when 6796 is divided by 1663.
144
What is the remainder when 10381 is divided by 45?
31
What is the remainder when 2474078 is divided by 14?
12
What is the remainder when 24981 is divided by 24?
21
Calculate the remainder when 162172 is divided by 25.
22
Calculate the remainder when 307 is divided by 300.
7
What is the remainder when 2309 is divided by 119?
48
Calculate the remainder when 113206 is divided by 37729.
19
Calculate the remainder when 8438 is divided by 78.
14
Calculate the remainder when 396 is divided by 113.
57
Calculate the remainder when 83471 is divided by 2980.
31
What is the remainder when 141411 is divided by 89?
79
Calculate the remainder when 6725 is divided by 44.
37
What is the remainder when 20192 is divided by 1009?
12
Calculate the remainder when 1551 is divided by 432.
255
What is the remainder when 1781 is divided by 338?
91
What is the remainder when 24698 is divided by 247?
245
What is the remainder when 10274 is divided by 2049?
29
Calculate the remainder when 600464 is divided by 70.
4
What is the remainder when 3712 is divided by 193?
45
What is the remainder when 3926 is divided by 1771?
384
Calculate the remainder when 29123 is divided by 1713.
2
Calculate the remainder when 743773 is divided by 176.
173
Calculate the remainder when 5543 is divided by 311.
256
What is the remainder when 2411 is divided by 11?
2
What is the remainder when 3794331 is divided by 27?
21
Calculate the remainder when 13639 is divided by 13607.
32
What is the remainder when 16526 is divided by 5501?
23
Calculate the remainder when 3804 is divided by 4.
0
Calculate the remainder when 2054 is divided by 147.
143
What is the remainder when 82916 is divided by 3?
2
Calculate the remainder when 28184 is divided by 108.
104
Calculate the remainder when 242292 is divided by 6212.
24
What is the remainder when 109310 is divided by 14?
12
What is the remainder when 77379 is divided by 1209?
3
Calculate the remainder when 1391 is divided by 369.
284
Calculate the remainder when 155188 is divided by 210.
208
What is the remainder when 381 is divided by 247?
134
Calculate the remainder when 89358 is divided by 819.
87
What is the remainder when 52803 is divided by 10554?
33
Calculate the remainder when 20178 is divided by 68.
50
Calculate the remainder when 84961 is divided by 485.
86
Calculate the remainder when 3228 is divided by 70.
8
Calculate the remainder when 1168 is divided by 283.
36
Calculate the remainder when 164653 is divided by 38.
37
Calculate the remainder when 6538 is divided by 263.
226
What is the remainder when 601653 is divided by 53?
50
Calculate the remainder when 27009 is divided by 17.
13
Calculate the remainder when 2593 is divided by 146.
111
What is the remainder when 131490 is divided by 166?
18
What is the remainder when 14633 is divided by 78?
47
What is the remainder when 145786 is divided by 44?
14
Calculate the remainder when 1227 is divided by 713.
514
Calculate the remainder when 54339 is divided by 72.
51
What is the remainder when 52043 is divided by 37?
21
Calculate the remainder when 115970 is divided by 3998.
28
What is the remainder when 611 is divided by 580?
31
Calculate the remainder when 921 is divided by 29.
22
Calculate the remainder when 3788 is divided by 12.
8
Calculate the remainder when 1669 is divided by 813.
43
What is the remainder when 2070273 is divided by 69?
66
Calculate the remainder when 55757 is divided by 1973.
513
What is the remainder when 15006 is divided by 849?
573
Calculate the remainder when 50580 is divided by 335.
330
What is the remainder when 3143 is divided by 246?
191
What is the remainder when 10603 is divided by 21?
19
Calculate the remainder when 282385 is divided by 49.
47
What is the remainder when 3145 is divided by 101?
14
Calculate the remainder when 1922 is divided by 340.
222
What is the remainder when 192129 is divided by 9606?
9
What is the remainder when 26100 is divided by 512?
500
What is the remainder when 73140 is divided by 7296?
180
Calculate the remainder when 4722 is divided by 50.
22
What is the remainder when 24189 is divided by 41?
40
What is the remainder when 21057 is divided by 180?
177
Calculate the remainder when 2067 is divided by 2065.
2
What is the remainder when 24228 is divided by 62?
48
Calculate the remainder when 88804 is divided by 292.
36
Calculate the remainder when 4561 is divided by 26.
11
Calculate the remainder when 8628 is divided by 1687.
193
Calculate the remainder when 6142 is divided by 48.
46
Calculate the remainder when 2376 is divided by 268.
232
Calculate the remainder when 900 is divided by 235.
195
What is the remainder when 3509 is divided by 116?
29
Calculate the remainder when 6159 is divided by 3060.
39
What is the remainder when 37430 is divided by 75?
5
What is the remainder when 384970 is divided by 44?
14
Calculate the remainder when 14440 is divided by 258.
250
What is the remainder when 943 is divided by 41?
0
What is the remainder when 111651 is divided by 55816?
19
What is the remainder when 26149 is divided by 3731?
32
Calculate the remainder when 42729 is divided by 188.
53
What is the remainder when 2319 is divided by 1646?
673
Calculate the remainder when 575365 is divided by 13.
11
Calculate the remainder when 122 is divided by 58.
6
What is the remainder when 4935 is divided by 474?
195
Calculate the remainder when 34183 is divided by 231.
226
Calculate the remainder when 1044903 is divided by 349.
346
What is the remainder when 290466 is divided by 23?
22
What is the remainder when 81791 is divided by 13629?
17
What is the remainder when 3789707 is divided by 13?
12
What is the remainder when 589 is divided by 20?
9
What is the remainder when 22568 is divided by 480?
8
Calculate the remainder when 107267 is divided by 36.
23
Calculate the remainder when 84167 is divided by 8415.
17
What is the remainder when 11936 is divided by 37?
22
Calculate the remainder when 37441 is divided by 1877.
1778
What is the remainder when 20678 is divided by 220?
218
Calculate the remainder when 2262890 is divided by 921.
914
What is the remainder when 15071 is divided by 110?
1
Calculate the remainder when 9445 is divided by 555.
10
Calculate the remainder when 14102 is divided by 4656.
134
What is the remainder when 926 is divided by 452?
22
What is the remainder when 200785 is divided by 381?
379
What is the remainder when 74825 is divided by 687?
629
What is the remainder when 2083 is divided by 48?
19
Calculate the remainder when 336390 is divided by 454.
4